{"id":67,"date":"2025-09-29T12:58:56","date_gmt":"2025-09-29T10:58:56","guid":{"rendered":"http:\/\/95.217.188.178\/drxercavins\/?page_id=67"},"modified":"2025-11-11T12:51:08","modified_gmt":"2025-11-11T11:51:08","slug":"psicologia","status":"publish","type":"page","link":"http:\/\/95.217.188.178\/drxercavins\/especialidades\/psicologia\/","title":{"rendered":"Psicolog\u00eda"},"content":{"rendered":"\t\t<div data-elementor-type=\"wp-page\" data-elementor-id=\"67\" class=\"elementor elementor-67\" data-elementor-post-type=\"page\">\n\t\t\t\t<div class=\"elementor-element elementor-element-2ff47db back-cream e-flex e-con-boxed e-con e-parent\" data-id=\"2ff47db\" data-element_type=\"container\">\n\t\t\t\t\t<div class=\"e-con-inner\">\n\t\t\t\t<div class=\"elementor-element elementor-element-1cf2e4f elementor-widget elementor-widget-heading\" data-id=\"1cf2e4f\" data-element_type=\"widget\" data-widget_type=\"heading.default\">\n\t\t\t\t\t<h1 class=\"elementor-heading-title elementor-size-default\">Psicolog\u00eda<\/h1>\t\t\t\t<\/div>\n\t\t\t\t\t<\/div>\n\t\t\t\t<\/div>\n\t\t<div class=\"elementor-element elementor-element-3df1e61 container-section-mini e-flex e-con-boxed e-con e-parent\" data-id=\"3df1e61\" data-element_type=\"container\">\n\t\t\t\t\t<div class=\"e-con-inner\">\n\t\t<div class=\"elementor-element elementor-element-951ec08 e-con-full e-flex e-con e-child\" data-id=\"951ec08\" data-element_type=\"container\">\n\t\t\t\t<div class=\"elementor-element elementor-element-425d4f6 elementor-widget elementor-widget-image\" data-id=\"425d4f6\" data-element_type=\"widget\" data-widget_type=\"image.default\">\n\t\t\t\t\t\t\t\t\t\t\t\t\t\t\t<img fetchpriority=\"high\" decoding=\"async\" width=\"768\" height=\"512\" src=\"http:\/\/95.217.188.178\/drxercavins\/wp-content\/uploads\/2025\/10\/pexels-karolina-grabowska-5206923-768x512.jpg\" class=\"attachment-medium_large size-medium_large wp-image-1288\" alt=\"\" srcset=\"http:\/\/95.217.188.178\/drxercavins\/wp-content\/uploads\/2025\/10\/pexels-karolina-grabowska-5206923-768x512.jpg 768w, http:\/\/95.217.188.178\/drxercavins\/wp-content\/uploads\/2025\/10\/pexels-karolina-grabowska-5206923-300x200.jpg 300w, http:\/\/95.217.188.178\/drxercavins\/wp-content\/uploads\/2025\/10\/pexels-karolina-grabowska-5206923-1024x683.jpg 1024w, http:\/\/95.217.188.178\/drxercavins\/wp-content\/uploads\/2025\/10\/pexels-karolina-grabowska-5206923-1536x1024.jpg 1536w, http:\/\/95.217.188.178\/drxercavins\/wp-content\/uploads\/2025\/10\/pexels-karolina-grabowska-5206923-2048x1365.jpg 2048w\" sizes=\"(max-width: 768px) 100vw, 768px\" \/>\t\t\t\t\t\t\t\t\t\t\t\t\t\t\t<\/div>\n\t\t\t\t<div class=\"elementor-element elementor-element-409daab3 elementor-widget elementor-widget-text-editor\" data-id=\"409daab3\" data-element_type=\"widget\" data-widget_type=\"text-editor.default\">\n\t\t\t\t\t\t\t\t\t\n<p data-start=\"248\" data-end=\"544\">En la <strong data-start=\"254\" data-end=\"286\">Cl\u00ednica del Doctor Xercavins<\/strong>, entendemos que la salud mental es un pilar esencial del bienestar general. La <strong data-start=\"366\" data-end=\"380\">psicolog\u00eda<\/strong> nos ayuda a comprender, cuidar y fortalecer nuestra mente, favoreciendo un equilibrio emocional que se refleja tambi\u00e9n en el cuerpo y en las relaciones personales.<\/p>\n<p data-start=\"546\" data-end=\"912\">Nuestro equipo de psicolog\u00eda ofrece una atenci\u00f3n personalizada, basada en la escucha activa, la empat\u00eda y el acompa\u00f1amiento profesional. A trav\u00e9s de diferentes enfoques terap\u00e9uticos, ayudamos a cada persona a <strong data-start=\"755\" data-end=\"844\">gestionar el estr\u00e9s, superar dificultades emocionales y desarrollar recursos internos<\/strong> para afrontar los retos de la vida con mayor serenidad y confianza.<\/p>\n\n<p>\u00a0<\/p>\n\t\t\t\t\t\t\t\t<\/div>\n\t\t\t\t<div class=\"elementor-element elementor-element-91b8ecb elementor-widget elementor-widget-text-editor\" data-id=\"91b8ecb\" data-element_type=\"widget\" data-widget_type=\"text-editor.default\">\n\t\t\t\t\t\t\t\t\t<p data-start=\"914\" data-end=\"977\">Entre los principales <strong data-start=\"936\" data-end=\"967\">beneficios de la psicolog\u00eda<\/strong> destacan:<\/p>\n<ul data-start=\"979\" data-end=\"1588\">\n<li data-start=\"979\" data-end=\"1121\">\n<p data-start=\"981\" data-end=\"1121\"><strong data-start=\"984\" data-end=\"1034\">Gesti\u00f3n del estr\u00e9s, la ansiedad y la depresi\u00f3n<\/strong>, mediante t\u00e9cnicas validadas cient\u00edficamente que favorecen la estabilidad emocional.<\/p>\n<\/li>\n<li data-start=\"1122\" data-end=\"1245\">\n<p data-start=\"1124\" data-end=\"1245\"><strong data-start=\"1127\" data-end=\"1169\">Autoconocimiento y desarrollo personal<\/strong>, facilitando una mayor comprensi\u00f3n de uno mismo y de los propios valores.<\/p>\n<\/li>\n<li data-start=\"1246\" data-end=\"1354\">\n<p data-start=\"1248\" data-end=\"1354\"><strong data-start=\"1251\" data-end=\"1290\">Mejora de las relaciones personales<\/strong>, aprendiendo a comunicar y vincularse de forma m\u00e1s saludable.<\/p>\n<\/li>\n<li data-start=\"1355\" data-end=\"1463\">\n<p data-start=\"1357\" data-end=\"1463\"><strong data-start=\"1360\" data-end=\"1408\">Apoyo en procesos de cambio o crisis vitales<\/strong>, como p\u00e9rdidas, duelos, separaciones o enfermedades.<\/p>\n<\/li>\n<li data-start=\"1464\" data-end=\"1588\">\n<p data-start=\"1466\" data-end=\"1588\"><strong data-start=\"1469\" data-end=\"1491\">Bienestar integral<\/strong>, fortaleciendo la conexi\u00f3n entre mente, cuerpo y entorno para una vida m\u00e1s plena y consciente.<\/p>\n<\/li>\n<\/ul>\n<p data-start=\"1590\" data-end=\"1796\">En nuestra cl\u00ednica, la psicolog\u00eda se integra con la medicina, la fisioterapia y la medicina naturista para ofrecer un <strong data-start=\"1708\" data-end=\"1745\">enfoque global e interdisciplinar<\/strong> que atiende a la persona en todas sus dimensiones.<\/p>\n<p>\t\t\t\t\t\t\t\t<\/div>\n\t\t\t\t<div class=\"elementor-element elementor-element-6db1760 elementor-widget elementor-widget-text-editor\" data-id=\"6db1760\" data-element_type=\"widget\" data-widget_type=\"text-editor.default\">\n\t\t\t\t\t\t\t\t\t<p style=\"text-align: center; width: 100%;\"><button class=\"button-standard-back-white\"><a href=\"http:\/\/95.217.188.178\/drxercavins\/contacto\/\">SOLICITAR CITA<\/a><\/button><\/p>\t\t\t\t\t\t\t\t<\/div>\n\t\t\t\t<\/div>\n\t\t<div class=\"elementor-element elementor-element-e0f1627 e-con-full elementor-hidden-mobile e-flex e-con e-child\" data-id=\"e0f1627\" data-element_type=\"container\">\n\t\t<div class=\"elementor-element elementor-element-dbc614b e-con-full border-square d-none e-flex e-con e-child\" data-id=\"dbc614b\" data-element_type=\"container\">\n\t\t\t\t<div class=\"elementor-element elementor-element-2a6b602 description-text elementor-widget elementor-widget-text-editor\" data-id=\"2a6b602\" data-element_type=\"widget\" data-widget_type=\"text-editor.default\">\n\t\t\t\t\t\t\t\t\t<p><strong>\u00a0\u00a1RESERVA TU CITA!<\/strong><\/p>\t\t\t\t\t\t\t\t<\/div>\n\t\t\t\t<div class=\"elementor-element elementor-element-56f60f4 elementor-button-align-stretch elementor-widget elementor-widget-form\" data-id=\"56f60f4\" data-element_type=\"widget\" data-settings=\"{&quot;step_next_label&quot;:&quot;Next&quot;,&quot;step_previous_label&quot;:&quot;Previous&quot;,&quot;button_width&quot;:&quot;100&quot;,&quot;step_type&quot;:&quot;number_text&quot;,&quot;step_icon_shape&quot;:&quot;circle&quot;}\" data-widget_type=\"form.default\">\n\t\t\t\t\t\t\t<form class=\"elementor-form\" method=\"post\" name=\"Contact Form\" aria-label=\"Contact Form\">\n\t\t\t<input type=\"hidden\" name=\"post_id\" value=\"67\"\/>\n\t\t\t<input type=\"hidden\" name=\"form_id\" value=\"56f60f4\"\/>\n\t\t\t<input type=\"hidden\" name=\"referer_title\" value=\"Psicolog\u00eda - Consulta Dr. Xercavins\" \/>\n\n\t\t\t\t\t\t\t<input type=\"hidden\" name=\"queried_id\" value=\"67\"\/>\n\t\t\t\n\t\t\t<div class=\"elementor-form-fields-wrapper elementor-labels-above\">\n\t\t\t\t\t\t\t\t<div class=\"elementor-field-type-text elementor-field-group elementor-column elementor-field-group-name elementor-col-100\">\n\t\t\t\t\t\t\t\t\t\t\t\t<label for=\"form-field-name\" class=\"elementor-field-label\">\n\t\t\t\t\t\t\t\tNombre\t\t\t\t\t\t\t<\/label>\n\t\t\t\t\t\t\t\t\t\t\t\t\t\t<input size=\"1\" type=\"text\" name=\"form_fields[name]\" id=\"form-field-name\" class=\"elementor-field elementor-size-sm  elementor-field-textual\">\n\t\t\t\t\t\t\t\t\t\t\t<\/div>\n\t\t\t\t\t\t\t\t<div class=\"elementor-field-type-email elementor-field-group elementor-column elementor-field-group-email elementor-col-100 elementor-field-required elementor-mark-required\">\n\t\t\t\t\t\t\t\t\t\t\t\t<label for=\"form-field-email\" class=\"elementor-field-label\">\n\t\t\t\t\t\t\t\tCorreo electr\u00f3nico\t\t\t\t\t\t\t<\/label>\n\t\t\t\t\t\t\t\t\t\t\t\t\t\t<input size=\"1\" type=\"email\" name=\"form_fields[email]\" id=\"form-field-email\" class=\"elementor-field elementor-size-sm  elementor-field-textual\" required=\"required\">\n\t\t\t\t\t\t\t\t\t\t\t<\/div>\n\t\t\t\t\t\t\t\t<div class=\"elementor-field-type-textarea elementor-field-group elementor-column elementor-field-group-message elementor-col-100 elementor-field-required elementor-mark-required\">\n\t\t\t\t\t\t\t\t\t\t\t\t<label for=\"form-field-message\" class=\"elementor-field-label\">\n\t\t\t\t\t\t\t\tMensaje\t\t\t\t\t\t\t<\/label>\n\t\t\t\t\t\t<textarea class=\"elementor-field-textual elementor-field  elementor-size-sm\" name=\"form_fields[message]\" id=\"form-field-message\" rows=\"4\" required=\"required\"><\/textarea>\t\t\t\t<\/div>\n\t\t\t\t\t\t\t\t<div class=\"elementor-field-type-acceptance elementor-field-group elementor-column elementor-field-group-field_6d56d00 elementor-col-100 elementor-field-required elementor-mark-required\">\n\t\t\t\t\t\t\t\t\t\t\t\t<label for=\"form-field-field_6d56d00\" class=\"elementor-field-label\">\n\t\t\t\t\t\t\t\tHe leido y acepto la <a href=\"\/politica-de-privacidad\/\" rel=\"noopener noreferrer\" class=\"text-underline\">pol\u00edtica de privacidad<\/a>\t\t\t\t\t\t\t<\/label>\n\t\t\t\t\t\t\t\t<div class=\"elementor-field-subgroup\">\n\t\t\t<span class=\"elementor-field-option\">\n\t\t\t\t<input type=\"checkbox\" name=\"form_fields[field_6d56d00]\" id=\"form-field-field_6d56d00\" class=\"elementor-field elementor-size-sm  elementor-acceptance-field\" required=\"required\">\n\t\t\t\t\t\t\t<\/span>\n\t\t<\/div>\n\t\t\t\t\t\t<\/div>\n\t\t\t\t\t\t\t\t<div class=\"elementor-field-group elementor-column elementor-field-type-submit elementor-col-100 e-form__buttons\">\n\t\t\t\t\t<button class=\"elementor-button elementor-size-xs\" type=\"submit\" id=\"submit-button\">\n\t\t\t\t\t\t<span class=\"elementor-button-content-wrapper\">\n\t\t\t\t\t\t\t\t\t\t\t\t\t\t\t\t\t\t\t\t\t\t<span class=\"elementor-button-text\">ENVIAR<\/span>\n\t\t\t\t\t\t\t\t\t\t\t\t\t<\/span>\n\t\t\t\t\t<\/button>\n\t\t\t\t<\/div>\n\t\t\t<\/div>\n\t\t<\/form>\n\t\t\t\t\t\t<\/div>\n\t\t\t\t<\/div>\n\t\t<div class=\"elementor-element elementor-element-d163555 e-con-full d-none e-flex e-con e-child\" data-id=\"d163555\" data-element_type=\"container\">\n\t\t\t\t<div class=\"elementor-element elementor-element-e4fb4ec elementor-widget elementor-widget-spacer\" data-id=\"e4fb4ec\" data-element_type=\"widget\" data-widget_type=\"spacer.default\">\n\t\t\t\t\t\t\t<div class=\"elementor-spacer\">\n\t\t\t<div class=\"elementor-spacer-inner\"><\/div>\n\t\t<\/div>\n\t\t\t\t\t\t<\/div>\n\t\t\t\t<div class=\"elementor-element elementor-element-cef061f elementor-widget elementor-widget-spacer\" data-id=\"cef061f\" data-element_type=\"widget\" data-widget_type=\"spacer.default\">\n\t\t\t\t\t\t\t<div class=\"elementor-spacer\">\n\t\t\t<div class=\"elementor-spacer-inner\"><\/div>\n\t\t<\/div>\n\t\t\t\t\t\t<\/div>\n\t\t\t\t<div class=\"elementor-element elementor-element-2a18400 elementor-widget elementor-widget-spacer\" data-id=\"2a18400\" data-element_type=\"widget\" data-widget_type=\"spacer.default\">\n\t\t\t\t\t\t\t<div class=\"elementor-spacer\">\n\t\t\t<div class=\"elementor-spacer-inner\"><\/div>\n\t\t<\/div>\n\t\t\t\t\t\t<\/div>\n\t\t\t\t<\/div>\n\t\t<div class=\"elementor-element elementor-element-6798230 e-con-full border-square e-flex e-con e-child\" data-id=\"6798230\" data-element_type=\"container\" data-settings=\"{&quot;background_background&quot;:&quot;classic&quot;}\">\n\t\t\t\t<div class=\"elementor-element elementor-element-36683cf description-text elementor-widget elementor-widget-text-editor\" data-id=\"36683cf\" data-element_type=\"widget\" data-widget_type=\"text-editor.default\">\n\t\t\t\t\t\t\t\t\t<p><strong>\u00a0\u00a1Contacta con nosotros!<\/strong><\/p>\t\t\t\t\t\t\t\t<\/div>\n\t\t\t\t<div class=\"elementor-element elementor-element-59d3b81 elementor-view-default elementor-widget elementor-widget-icon\" data-id=\"59d3b81\" data-element_type=\"widget\" data-widget_type=\"icon.default\">\n\t\t\t\t\t\t\t<div class=\"elementor-icon-wrapper\">\n\t\t\t<div class=\"elementor-icon\">\n\t\t\t<svg aria-hidden=\"true\" class=\"e-font-icon-svg e-fas-phone\" viewBox=\"0 0 512 512\" xmlns=\"http:\/\/www.w3.org\/2000\/svg\"><path d=\"M493.4 24.6l-104-24c-11.3-2.6-22.9 3.3-27.5 13.9l-48 112c-4.2 9.8-1.4 21.3 6.9 28l60.6 49.6c-36 76.7-98.9 140.5-177.2 177.2l-49.6-60.6c-6.8-8.3-18.2-11.1-28-6.9l-112 48C3.9 366.5-2 378.1.6 389.4l24 104C27.1 504.2 36.7 512 48 512c256.1 0 464-207.5 464-464 0-11.2-7.7-20.9-18.6-23.4z\"><\/path><\/svg>\t\t\t<\/div>\n\t\t<\/div>\n\t\t\t\t\t\t<\/div>\n\t\t\t\t<div class=\"elementor-element elementor-element-e1e2791 description-text elementor-widget elementor-widget-text-editor\" data-id=\"e1e2791\" data-element_type=\"widget\" data-widget_type=\"text-editor.default\">\n\t\t\t\t\t\t\t\t\t<p><strong>\u00a0<\/strong>Puedes llamarnos al<\/p>\n<p><a href=\"tel:+34934105348\">93 410 53 48<\/a><\/p>\t\t\t\t\t\t\t\t<\/div>\n\t\t\t\t<\/div>\n\t\t\t\t<\/div>\n\t\t\t\t\t<\/div>\n\t\t\t\t<\/div>\n\t\t\t\t<\/div>\n\t\t","protected":false},"excerpt":{"rendered":"<p>Psicolog\u00eda En la Cl\u00ednica del Doctor Xercavins, entendemos que la salud mental es un pilar esencial del bienestar general. La psicolog\u00eda nos ayuda a comprender, cuidar y fortalecer nuestra mente, favoreciendo un equilibrio emocional que se refleja tambi\u00e9n en el cuerpo y en las relaciones personales. Nuestro equipo de psicolog\u00eda ofrece una atenci\u00f3n personalizada, basada [&hellip;]<\/p>\n","protected":false},"author":1,"featured_media":0,"parent":1114,"menu_order":0,"comment_status":"closed","ping_status":"closed","template":"","meta":{"footnotes":""},"class_list":["post-67","page","type-page","status-publish","hentry"],"yoast_head":"<!-- This site is optimized with the Yoast SEO plugin v26.3 - https:\/\/yoast.com\/wordpress\/plugins\/seo\/ -->\n<title>Psicolog\u00eda - Consulta Dr. Xercavins<\/title>\n<meta name=\"robots\" content=\"noindex, follow, max-snippet:-1, max-image-preview:large, max-video-preview:-1\" \/>\n<meta property=\"og:locale\" content=\"es_ES\" \/>\n<meta property=\"og:type\" content=\"article\" \/>\n<meta property=\"og:title\" content=\"Psicolog\u00eda - Consulta Dr. Xercavins\" \/>\n<meta property=\"og:description\" content=\"Psicolog\u00eda En la Cl\u00ednica del Doctor Xercavins, entendemos que la salud mental es un pilar esencial del bienestar general. La psicolog\u00eda nos ayuda a comprender, cuidar y fortalecer nuestra mente, favoreciendo un equilibrio emocional que se refleja tambi\u00e9n en el cuerpo y en las relaciones personales. Nuestro equipo de psicolog\u00eda ofrece una atenci\u00f3n personalizada, basada [&hellip;]\" \/>\n<meta property=\"og:url\" content=\"http:\/\/95.217.188.178\/drxercavins\/especialidades\/psicologia\/\" \/>\n<meta property=\"og:site_name\" content=\"Consulta Dr. Xercavins\" \/>\n<meta property=\"article:modified_time\" content=\"2025-11-11T11:51:08+00:00\" \/>\n<meta property=\"og:image\" content=\"http:\/\/95.217.188.178\/drxercavins\/wp-content\/uploads\/2025\/10\/pexels-karolina-grabowska-5206923-scaled.jpg\" \/>\n\t<meta property=\"og:image:width\" content=\"2560\" \/>\n\t<meta property=\"og:image:height\" content=\"1707\" \/>\n\t<meta property=\"og:image:type\" content=\"image\/jpeg\" \/>\n<meta name=\"twitter:card\" content=\"summary_large_image\" \/>\n<meta name=\"twitter:label1\" content=\"Tiempo de lectura\" \/>\n\t<meta name=\"twitter:data1\" content=\"2 minutos\" \/>\n<script type=\"application\/ld+json\" class=\"yoast-schema-graph\">{\"@context\":\"https:\/\/schema.org\",\"@graph\":[{\"@type\":\"WebPage\",\"@id\":\"http:\/\/95.217.188.178\/drxercavins\/especialidades\/psicologia\/\",\"url\":\"http:\/\/95.217.188.178\/drxercavins\/especialidades\/psicologia\/\",\"name\":\"Psicolog\u00eda - Consulta Dr. Xercavins\",\"isPartOf\":{\"@id\":\"http:\/\/95.217.188.178\/drxercavins\/#website\"},\"primaryImageOfPage\":{\"@id\":\"http:\/\/95.217.188.178\/drxercavins\/especialidades\/psicologia\/#primaryimage\"},\"image\":{\"@id\":\"http:\/\/95.217.188.178\/drxercavins\/especialidades\/psicologia\/#primaryimage\"},\"thumbnailUrl\":\"http:\/\/95.217.188.178\/drxercavins\/wp-content\/uploads\/2025\/10\/pexels-karolina-grabowska-5206923-768x512.jpg\",\"datePublished\":\"2025-09-29T10:58:56+00:00\",\"dateModified\":\"2025-11-11T11:51:08+00:00\",\"breadcrumb\":{\"@id\":\"http:\/\/95.217.188.178\/drxercavins\/especialidades\/psicologia\/#breadcrumb\"},\"inLanguage\":\"es\",\"potentialAction\":[{\"@type\":\"ReadAction\",\"target\":[\"http:\/\/95.217.188.178\/drxercavins\/especialidades\/psicologia\/\"]}]},{\"@type\":\"ImageObject\",\"inLanguage\":\"es\",\"@id\":\"http:\/\/95.217.188.178\/drxercavins\/especialidades\/psicologia\/#primaryimage\",\"url\":\"http:\/\/95.217.188.178\/drxercavins\/wp-content\/uploads\/2025\/10\/pexels-karolina-grabowska-5206923-scaled.jpg\",\"contentUrl\":\"http:\/\/95.217.188.178\/drxercavins\/wp-content\/uploads\/2025\/10\/pexels-karolina-grabowska-5206923-scaled.jpg\",\"width\":2560,\"height\":1707},{\"@type\":\"BreadcrumbList\",\"@id\":\"http:\/\/95.217.188.178\/drxercavins\/especialidades\/psicologia\/#breadcrumb\",\"itemListElement\":[{\"@type\":\"ListItem\",\"position\":1,\"name\":\"Portada\",\"item\":\"http:\/\/95.217.188.178\/drxercavins\/\"},{\"@type\":\"ListItem\",\"position\":2,\"name\":\"Especialidades\",\"item\":\"http:\/\/95.217.188.178\/drxercavins\/especialidades\/\"},{\"@type\":\"ListItem\",\"position\":3,\"name\":\"Psicolog\u00eda\"}]},{\"@type\":\"WebSite\",\"@id\":\"http:\/\/95.217.188.178\/drxercavins\/#website\",\"url\":\"http:\/\/95.217.188.178\/drxercavins\/\",\"name\":\"Consulta Dr. Xercavins\",\"description\":\"Consulta M\u00e9dica en Barcelona\",\"publisher\":{\"@id\":\"http:\/\/95.217.188.178\/drxercavins\/#organization\"},\"potentialAction\":[{\"@type\":\"SearchAction\",\"target\":{\"@type\":\"EntryPoint\",\"urlTemplate\":\"http:\/\/95.217.188.178\/drxercavins\/?s={search_term_string}\"},\"query-input\":{\"@type\":\"PropertyValueSpecification\",\"valueRequired\":true,\"valueName\":\"search_term_string\"}}],\"inLanguage\":\"es\"},{\"@type\":\"Organization\",\"@id\":\"http:\/\/95.217.188.178\/drxercavins\/#organization\",\"name\":\"Consulta Dr. Xercavins\",\"url\":\"http:\/\/95.217.188.178\/drxercavins\/\",\"logo\":{\"@type\":\"ImageObject\",\"inLanguage\":\"es\",\"@id\":\"http:\/\/95.217.188.178\/drxercavins\/#\/schema\/logo\/image\/\",\"url\":\"http:\/\/95.217.188.178\/drxercavins\/wp-content\/uploads\/2025\/10\/ogo-actua-1.png\",\"contentUrl\":\"http:\/\/95.217.188.178\/drxercavins\/wp-content\/uploads\/2025\/10\/ogo-actua-1.png\",\"width\":500,\"height\":95,\"caption\":\"Consulta Dr. Xercavins\"},\"image\":{\"@id\":\"http:\/\/95.217.188.178\/drxercavins\/#\/schema\/logo\/image\/\"}}]}<\/script>\n<!-- \/ Yoast SEO plugin. -->","yoast_head_json":{"title":"Psicolog\u00eda - Consulta Dr. Xercavins","robots":{"index":"noindex","follow":"follow","max-snippet":"max-snippet:-1","max-image-preview":"max-image-preview:large","max-video-preview":"max-video-preview:-1"},"og_locale":"es_ES","og_type":"article","og_title":"Psicolog\u00eda - Consulta Dr. Xercavins","og_description":"Psicolog\u00eda En la Cl\u00ednica del Doctor Xercavins, entendemos que la salud mental es un pilar esencial del bienestar general. La psicolog\u00eda nos ayuda a comprender, cuidar y fortalecer nuestra mente, favoreciendo un equilibrio emocional que se refleja tambi\u00e9n en el cuerpo y en las relaciones personales. Nuestro equipo de psicolog\u00eda ofrece una atenci\u00f3n personalizada, basada [&hellip;]","og_url":"http:\/\/95.217.188.178\/drxercavins\/especialidades\/psicologia\/","og_site_name":"Consulta Dr. Xercavins","article_modified_time":"2025-11-11T11:51:08+00:00","og_image":[{"width":2560,"height":1707,"url":"http:\/\/95.217.188.178\/drxercavins\/wp-content\/uploads\/2025\/10\/pexels-karolina-grabowska-5206923-scaled.jpg","type":"image\/jpeg"}],"twitter_card":"summary_large_image","twitter_misc":{"Tiempo de lectura":"2 minutos"},"schema":{"@context":"https:\/\/schema.org","@graph":[{"@type":"WebPage","@id":"http:\/\/95.217.188.178\/drxercavins\/especialidades\/psicologia\/","url":"http:\/\/95.217.188.178\/drxercavins\/especialidades\/psicologia\/","name":"Psicolog\u00eda - Consulta Dr. Xercavins","isPartOf":{"@id":"http:\/\/95.217.188.178\/drxercavins\/#website"},"primaryImageOfPage":{"@id":"http:\/\/95.217.188.178\/drxercavins\/especialidades\/psicologia\/#primaryimage"},"image":{"@id":"http:\/\/95.217.188.178\/drxercavins\/especialidades\/psicologia\/#primaryimage"},"thumbnailUrl":"http:\/\/95.217.188.178\/drxercavins\/wp-content\/uploads\/2025\/10\/pexels-karolina-grabowska-5206923-768x512.jpg","datePublished":"2025-09-29T10:58:56+00:00","dateModified":"2025-11-11T11:51:08+00:00","breadcrumb":{"@id":"http:\/\/95.217.188.178\/drxercavins\/especialidades\/psicologia\/#breadcrumb"},"inLanguage":"es","potentialAction":[{"@type":"ReadAction","target":["http:\/\/95.217.188.178\/drxercavins\/especialidades\/psicologia\/"]}]},{"@type":"ImageObject","inLanguage":"es","@id":"http:\/\/95.217.188.178\/drxercavins\/especialidades\/psicologia\/#primaryimage","url":"http:\/\/95.217.188.178\/drxercavins\/wp-content\/uploads\/2025\/10\/pexels-karolina-grabowska-5206923-scaled.jpg","contentUrl":"http:\/\/95.217.188.178\/drxercavins\/wp-content\/uploads\/2025\/10\/pexels-karolina-grabowska-5206923-scaled.jpg","width":2560,"height":1707},{"@type":"BreadcrumbList","@id":"http:\/\/95.217.188.178\/drxercavins\/especialidades\/psicologia\/#breadcrumb","itemListElement":[{"@type":"ListItem","position":1,"name":"Portada","item":"http:\/\/95.217.188.178\/drxercavins\/"},{"@type":"ListItem","position":2,"name":"Especialidades","item":"http:\/\/95.217.188.178\/drxercavins\/especialidades\/"},{"@type":"ListItem","position":3,"name":"Psicolog\u00eda"}]},{"@type":"WebSite","@id":"http:\/\/95.217.188.178\/drxercavins\/#website","url":"http:\/\/95.217.188.178\/drxercavins\/","name":"Consulta Dr. Xercavins","description":"Consulta M\u00e9dica en Barcelona","publisher":{"@id":"http:\/\/95.217.188.178\/drxercavins\/#organization"},"potentialAction":[{"@type":"SearchAction","target":{"@type":"EntryPoint","urlTemplate":"http:\/\/95.217.188.178\/drxercavins\/?s={search_term_string}"},"query-input":{"@type":"PropertyValueSpecification","valueRequired":true,"valueName":"search_term_string"}}],"inLanguage":"es"},{"@type":"Organization","@id":"http:\/\/95.217.188.178\/drxercavins\/#organization","name":"Consulta Dr. Xercavins","url":"http:\/\/95.217.188.178\/drxercavins\/","logo":{"@type":"ImageObject","inLanguage":"es","@id":"http:\/\/95.217.188.178\/drxercavins\/#\/schema\/logo\/image\/","url":"http:\/\/95.217.188.178\/drxercavins\/wp-content\/uploads\/2025\/10\/ogo-actua-1.png","contentUrl":"http:\/\/95.217.188.178\/drxercavins\/wp-content\/uploads\/2025\/10\/ogo-actua-1.png","width":500,"height":95,"caption":"Consulta Dr. Xercavins"},"image":{"@id":"http:\/\/95.217.188.178\/drxercavins\/#\/schema\/logo\/image\/"}}]}},"_links":{"self":[{"href":"http:\/\/95.217.188.178\/drxercavins\/wp-json\/wp\/v2\/pages\/67","targetHints":{"allow":["GET"]}}],"collection":[{"href":"http:\/\/95.217.188.178\/drxercavins\/wp-json\/wp\/v2\/pages"}],"about":[{"href":"http:\/\/95.217.188.178\/drxercavins\/wp-json\/wp\/v2\/types\/page"}],"author":[{"embeddable":true,"href":"http:\/\/95.217.188.178\/drxercavins\/wp-json\/wp\/v2\/users\/1"}],"replies":[{"embeddable":true,"href":"http:\/\/95.217.188.178\/drxercavins\/wp-json\/wp\/v2\/comments?post=67"}],"version-history":[{"count":76,"href":"http:\/\/95.217.188.178\/drxercavins\/wp-json\/wp\/v2\/pages\/67\/revisions"}],"predecessor-version":[{"id":4627,"href":"http:\/\/95.217.188.178\/drxercavins\/wp-json\/wp\/v2\/pages\/67\/revisions\/4627"}],"up":[{"embeddable":true,"href":"http:\/\/95.217.188.178\/drxercavins\/wp-json\/wp\/v2\/pages\/1114"}],"wp:attachment":[{"href":"http:\/\/95.217.188.178\/drxercavins\/wp-json\/wp\/v2\/media?parent=67"}],"curies":[{"name":"wp","href":"https:\/\/api.w.org\/{rel}","templated":true}]}}