{"id":1426,"date":"2025-10-13T09:48:44","date_gmt":"2025-10-13T07:48:44","guid":{"rendered":"http:\/\/95.217.188.178\/drxercavins\/?page_id=1426"},"modified":"2025-11-10T15:17:20","modified_gmt":"2025-11-10T14:17:20","slug":"dr-mattia-buonomo","status":"publish","type":"page","link":"http:\/\/95.217.188.178\/drxercavins\/centro-de-salud\/equipo\/dr-mattia-buonomo\/","title":{"rendered":"Dr. Mattia Buonomo"},"content":{"rendered":"\t\t<div data-elementor-type=\"wp-page\" data-elementor-id=\"1426\" class=\"elementor elementor-1426\" data-elementor-post-type=\"page\">\n\t\t\t\t<div class=\"elementor-element elementor-element-88c60a2 back-cream e-con-full e-flex e-con e-parent\" data-id=\"88c60a2\" data-element_type=\"container\" id=\"mattia\">\n\t\t\t\t<div class=\"elementor-element elementor-element-7a7c216 elementor-widget elementor-widget-heading\" data-id=\"7a7c216\" data-element_type=\"widget\" data-widget_type=\"heading.default\">\n\t\t\t\t\t<h1 class=\"elementor-heading-title elementor-size-default\">Dr. Mattia Buonomo<\/h1>\t\t\t\t<\/div>\n\t\t\t\t<\/div>\n\t\t<div class=\"elementor-element elementor-element-a740302 e-con-full container-section-mini e-flex e-con e-parent\" data-id=\"a740302\" data-element_type=\"container\">\n\t\t<div class=\"elementor-element elementor-element-ef01152 e-con-full e-flex e-con e-child\" data-id=\"ef01152\" data-element_type=\"container\">\n\t\t\t\t<div class=\"elementor-element elementor-element-e6318e8 elementor-widget elementor-widget-image\" data-id=\"e6318e8\" data-element_type=\"widget\" data-widget_type=\"image.default\">\n\t\t\t\t\t\t\t\t\t\t\t\t\t\t\t<img fetchpriority=\"high\" decoding=\"async\" width=\"554\" height=\"600\" src=\"http:\/\/95.217.188.178\/drxercavins\/wp-content\/uploads\/2025\/10\/Dr-Mattia-Buonomo.jpg\" class=\"attachment-large size-large wp-image-1429\" alt=\"\" srcset=\"http:\/\/95.217.188.178\/drxercavins\/wp-content\/uploads\/2025\/10\/Dr-Mattia-Buonomo.jpg 554w, http:\/\/95.217.188.178\/drxercavins\/wp-content\/uploads\/2025\/10\/Dr-Mattia-Buonomo-277x300.jpg 277w\" sizes=\"(max-width: 554px) 100vw, 554px\" \/>\t\t\t\t\t\t\t\t\t\t\t\t\t\t\t<\/div>\n\t\t\t\t<\/div>\n\t\t<div class=\"elementor-element elementor-element-924d2f8 e-con-full e-flex e-con e-child\" data-id=\"924d2f8\" data-element_type=\"container\">\n\t\t\t\t<div class=\"elementor-element elementor-element-560e14e description-text-mini elementor-widget elementor-widget-text-editor\" data-id=\"560e14e\" data-element_type=\"widget\" data-widget_type=\"text-editor.default\">\n\t\t\t\t\t\t\t\t\t<p><b>M\u00e9dico de familia y experto en medicina est\u00e9tica y regenerativa<\/b><\/p><p><span style=\"font-weight: 400;\">El Dr. Mattia Buonomo es un m\u00e9dico italiano graduado en la Universidad Federico II de N\u00e1poles, cuenta con m\u00e1s de 10 a\u00f1os de experiencia en Barcelona, donde se ha especializado en <\/span><b>Medicina Familiar y Comunitaria<\/b><span style=\"font-weight: 400;\">. Su formaci\u00f3n se ha complementado con un <\/span><b>m\u00e1ster en Medicina Est\u00e9tica y del Bienestar<\/b><span style=\"font-weight: 400;\">, adem\u00e1s de numerosos cursos de actualizaci\u00f3n y formaci\u00f3n continua. Su enfoque m\u00e9dico se caracteriza por una <\/span><b>visi\u00f3n hol\u00edstica del paciente<\/b><span style=\"font-weight: 400;\">, orientada tanto a la prevenci\u00f3n como al tratamiento personalizado.\u00a0<\/span><\/p><p><span style=\"font-weight: 400;\">En nuestra cl\u00ednica, el Dr. Buonomo se dedica a la <\/span><b>medicina integral y regenerativa<\/b><span style=\"font-weight: 400;\">, con un inter\u00e9s particular en el tratamiento de la <\/span><b>obesidad<\/b><span style=\"font-weight: 400;\"> y el <\/span><b>manejo de enfermedades cr\u00f3nicas<\/b><span style=\"font-weight: 400;\">. Su objetivo es ayudar a cada paciente a alcanzar un estado \u00f3ptimo de salud, combinando prevenci\u00f3n, tratamiento y mejora de la calidad de vida.<\/span><\/p>\t\t\t\t\t\t\t\t<\/div>\n\t\t\t\t<\/div>\n\t\t\t\t<\/div>\n\t\t<div class=\"elementor-element elementor-element-b8787e4 e-con-full container-section-mini-horizontal  e-flex e-con e-parent\" data-id=\"b8787e4\" data-element_type=\"container\">\n\t\t\t\t<div class=\"elementor-element elementor-element-a3220e9 description-text-mini elementor-widget elementor-widget-text-editor\" data-id=\"a3220e9\" data-element_type=\"widget\" data-widget_type=\"text-editor.default\">\n\t\t\t\t\t\t\t\t\t<h6><strong>Sus principales \u00e1reas de inter\u00e9s incluyen:<\/strong><\/h6><ul><li style=\"font-weight: 400;\" aria-level=\"1\"><span style=\"font-weight: 400;\">Prevenci\u00f3n y tratamiento de factores de riesgo cardiovascular y del s\u00edndrome metab\u00f3lico (hipertensi\u00f3n, diabetes, dislipemia\u2026).<\/span><\/li><li style=\"font-weight: 400;\" aria-level=\"1\"><span style=\"font-weight: 400;\">Manejo de la obesidad, con enfoque en h\u00e1bitos nutricionales, estilo de vida y seguimiento personalizado.<\/span><\/li><li style=\"font-weight: 400;\" aria-level=\"1\"><span style=\"font-weight: 400;\">Trastornos digestivos: estre\u00f1imiento cr\u00f3nico, reflujo gastroesof\u00e1gico, hinchaz\u00f3n postprandial, ardores y otras alteraciones funcionales.<\/span><\/li><li style=\"font-weight: 400;\" aria-level=\"1\"><span style=\"font-weight: 400;\">Control del dolor cr\u00f3nico, con estrategias adaptadas a cada caso.<\/span><\/li><li style=\"font-weight: 400;\" aria-level=\"1\"><span style=\"font-weight: 400;\">Tratamiento de infecciones frecuentes: respiratorias, cut\u00e1neas y urogenitales.<\/span><\/li><li style=\"font-weight: 400;\" aria-level=\"1\"><span style=\"font-weight: 400;\">Manejo del v\u00e9rtigo, desde diagn\u00f3stico hasta rehabilitaci\u00f3n.<\/span><\/li><li style=\"font-weight: 400;\" aria-level=\"1\"><span style=\"font-weight: 400;\"><span style=\"font-weight: 400;\">Dermatolog\u00eda y cuidado de la piel, incluyendo acn\u00e9, eccemas, envejecimiento cut\u00e1neo y tratamientos est\u00e9tico-m\u00e9dicos.<\/span><\/span><\/li><\/ul><p><span style=\"font-weight: 400;\">Comprometido con la excelencia m\u00e9dica y la mejora constante, el Dr. Buonomo combina el rigor cient\u00edfico con una atenci\u00f3n cercana, emp\u00e1tica y adaptada a las necesidades individuales de cada paciente.<\/span><\/p>\t\t\t\t\t\t\t\t<\/div>\n\t\t<div class=\"elementor-element elementor-element-d61680b e-con-full e-flex e-con e-child\" data-id=\"d61680b\" data-element_type=\"container\">\n\t\t\t\t<div class=\"elementor-element elementor-element-a37a56d description-text-mini elementor-widget elementor-widget-text-editor\" data-id=\"a37a56d\" data-element_type=\"widget\" data-widget_type=\"text-editor.default\">\n\t\t\t\t\t\t\t\t\t<h6>Portfolio:<\/h6>\n<ul>\n \t<li style=\"font-weight: 400;\" aria-level=\"1\"><span style=\"font-weight: 400;\">Licenciado en Medicina y Cirug\u00eda en Universidad Federico II de Napoles<\/span><\/li>\n \t<li style=\"font-weight: 400;\" aria-level=\"1\"><span style=\"font-weight: 400;\">Especializado en Medicina Familiar y Comunitaria con el Instituto Catal\u00e1n de la Salud<\/span><\/li>\n \t<li style=\"font-weight: 400;\" aria-level=\"1\"><span style=\"font-weight: 400;\">M\u00e1ster en Medicina Est\u00e9tica y del Bienestar: Instituto de Formaci\u00f3n M\u00e9dica y Liderazgo (IFMiL) del Colegio de M\u00e9dicos de Barcelona (CoMB), Universidad de Barcelona (2021- 2022).<\/span><\/li>\n \t<li style=\"font-weight: 400;\" aria-level=\"1\"><span style=\"font-weight: 400;\">Experto en tratamientos est\u00e9ticos cuales Inyecci\u00f3n de Neuromoduladores, tratamiento Full-Face, Labios y Ojeras\u00a0 con filler (\u00c1cido Hialur\u00f3nico y Estimuladores de Col\u00e1geno), Hilos Tensores, Mesoterapia entre otros.<\/span><\/li>\n \t<li style=\"font-weight: 400;\" aria-level=\"1\"><span style=\"font-weight: 400;\">Experto en abordaje integral del paciente daibetico a trav\u00e9s de un enfoque cardiorenal y metab\u00f3lico\u00a0<\/span><\/li>\n \t<li style=\"font-weight: 400;\" aria-level=\"1\"><span style=\"font-weight: 400;\">El Dr Buonomo ha trabajado en el Hospital Universitario de Bellvitge y en varios servicios de Urgencias m\u00e9dicas en Catalunya.<\/span><\/li>\n \t<li style=\"font-weight: 400;\" aria-level=\"1\"><span style=\"font-weight: 400;\">Diplomado en Espa\u00f1ol con el Instituto Cervantes de N\u00e1poles<\/span><\/li>\n \t<li style=\"font-weight: 400;\" aria-level=\"1\"><span style=\"font-weight: 400;\">Diplomado en Catal\u00e1n con el CNL de Barcelona.<\/span><\/li>\n<\/ul>\t\t\t\t\t\t\t\t<\/div>\n\t\t\t\t<\/div>\n\t\t\t\t<div class=\"elementor-element elementor-element-83f56f0 elementor-widget elementor-widget-spacer\" data-id=\"83f56f0\" data-element_type=\"widget\" data-widget_type=\"spacer.default\">\n\t\t\t\t\t\t\t<div class=\"elementor-spacer\">\n\t\t\t<div class=\"elementor-spacer-inner\"><\/div>\n\t\t<\/div>\n\t\t\t\t\t\t<\/div>\n\t\t\t\t<\/div>\n\t\t\t\t<\/div>\n\t\t","protected":false},"excerpt":{"rendered":"<p>Dr. Mattia Buonomo M\u00e9dico de familia y experto en medicina est\u00e9tica y regenerativa El Dr. Mattia Buonomo es un m\u00e9dico italiano graduado en la Universidad Federico II de N\u00e1poles, cuenta con m\u00e1s de 10 a\u00f1os de experiencia en Barcelona, donde se ha especializado en Medicina Familiar y Comunitaria. Su formaci\u00f3n se ha complementado con un [&hellip;]<\/p>\n","protected":false},"author":1,"featured_media":0,"parent":13,"menu_order":0,"comment_status":"closed","ping_status":"closed","template":"","meta":{"footnotes":""},"class_list":["post-1426","page","type-page","status-publish","hentry"],"yoast_head":"<!-- This site is optimized with the Yoast SEO plugin v26.3 - https:\/\/yoast.com\/wordpress\/plugins\/seo\/ -->\n<title>Dr. Mattia Buonomo - Consulta Dr. Xercavins<\/title>\n<meta name=\"robots\" content=\"noindex, follow, max-snippet:-1, max-image-preview:large, max-video-preview:-1\" \/>\n<meta property=\"og:locale\" content=\"es_ES\" \/>\n<meta property=\"og:type\" content=\"article\" \/>\n<meta property=\"og:title\" content=\"Dr. Mattia Buonomo - Consulta Dr. Xercavins\" \/>\n<meta property=\"og:description\" content=\"Dr. Mattia Buonomo M\u00e9dico de familia y experto en medicina est\u00e9tica y regenerativa El Dr. Mattia Buonomo es un m\u00e9dico italiano graduado en la Universidad Federico II de N\u00e1poles, cuenta con m\u00e1s de 10 a\u00f1os de experiencia en Barcelona, donde se ha especializado en Medicina Familiar y Comunitaria. Su formaci\u00f3n se ha complementado con un [&hellip;]\" \/>\n<meta property=\"og:url\" content=\"http:\/\/95.217.188.178\/drxercavins\/centro-de-salud\/equipo\/dr-mattia-buonomo\/\" \/>\n<meta property=\"og:site_name\" content=\"Consulta Dr. Xercavins\" \/>\n<meta property=\"article:modified_time\" content=\"2025-11-10T14:17:20+00:00\" \/>\n<meta property=\"og:image\" content=\"http:\/\/95.217.188.178\/drxercavins\/wp-content\/uploads\/2025\/10\/Dr-Mattia-Buonomo.jpg\" \/>\n\t<meta property=\"og:image:width\" content=\"554\" \/>\n\t<meta property=\"og:image:height\" content=\"600\" \/>\n\t<meta property=\"og:image:type\" content=\"image\/jpeg\" \/>\n<meta name=\"twitter:card\" content=\"summary_large_image\" \/>\n<meta name=\"twitter:label1\" content=\"Tiempo de lectura\" \/>\n\t<meta name=\"twitter:data1\" content=\"2 minutos\" \/>\n<script type=\"application\/ld+json\" class=\"yoast-schema-graph\">{\"@context\":\"https:\/\/schema.org\",\"@graph\":[{\"@type\":\"WebPage\",\"@id\":\"http:\/\/95.217.188.178\/drxercavins\/centro-de-salud\/equipo\/dr-mattia-buonomo\/\",\"url\":\"http:\/\/95.217.188.178\/drxercavins\/centro-de-salud\/equipo\/dr-mattia-buonomo\/\",\"name\":\"Dr. Mattia Buonomo - Consulta Dr. Xercavins\",\"isPartOf\":{\"@id\":\"http:\/\/95.217.188.178\/drxercavins\/#website\"},\"primaryImageOfPage\":{\"@id\":\"http:\/\/95.217.188.178\/drxercavins\/centro-de-salud\/equipo\/dr-mattia-buonomo\/#primaryimage\"},\"image\":{\"@id\":\"http:\/\/95.217.188.178\/drxercavins\/centro-de-salud\/equipo\/dr-mattia-buonomo\/#primaryimage\"},\"thumbnailUrl\":\"http:\/\/95.217.188.178\/drxercavins\/wp-content\/uploads\/2025\/10\/Dr-Mattia-Buonomo.jpg\",\"datePublished\":\"2025-10-13T07:48:44+00:00\",\"dateModified\":\"2025-11-10T14:17:20+00:00\",\"breadcrumb\":{\"@id\":\"http:\/\/95.217.188.178\/drxercavins\/centro-de-salud\/equipo\/dr-mattia-buonomo\/#breadcrumb\"},\"inLanguage\":\"es\",\"potentialAction\":[{\"@type\":\"ReadAction\",\"target\":[\"http:\/\/95.217.188.178\/drxercavins\/centro-de-salud\/equipo\/dr-mattia-buonomo\/\"]}]},{\"@type\":\"ImageObject\",\"inLanguage\":\"es\",\"@id\":\"http:\/\/95.217.188.178\/drxercavins\/centro-de-salud\/equipo\/dr-mattia-buonomo\/#primaryimage\",\"url\":\"http:\/\/95.217.188.178\/drxercavins\/wp-content\/uploads\/2025\/10\/Dr-Mattia-Buonomo.jpg\",\"contentUrl\":\"http:\/\/95.217.188.178\/drxercavins\/wp-content\/uploads\/2025\/10\/Dr-Mattia-Buonomo.jpg\",\"width\":554,\"height\":600},{\"@type\":\"BreadcrumbList\",\"@id\":\"http:\/\/95.217.188.178\/drxercavins\/centro-de-salud\/equipo\/dr-mattia-buonomo\/#breadcrumb\",\"itemListElement\":[{\"@type\":\"ListItem\",\"position\":1,\"name\":\"Portada\",\"item\":\"http:\/\/95.217.188.178\/drxercavins\/\"},{\"@type\":\"ListItem\",\"position\":2,\"name\":\"Centro de Salud\",\"item\":\"http:\/\/95.217.188.178\/drxercavins\/centro-de-salud\/\"},{\"@type\":\"ListItem\",\"position\":3,\"name\":\"Equipo\",\"item\":\"http:\/\/95.217.188.178\/drxercavins\/centro-de-salud\/equipo\/\"},{\"@type\":\"ListItem\",\"position\":4,\"name\":\"Dr. Mattia Buonomo\"}]},{\"@type\":\"WebSite\",\"@id\":\"http:\/\/95.217.188.178\/drxercavins\/#website\",\"url\":\"http:\/\/95.217.188.178\/drxercavins\/\",\"name\":\"Consulta Dr. Xercavins\",\"description\":\"Consulta M\u00e9dica en Barcelona\",\"publisher\":{\"@id\":\"http:\/\/95.217.188.178\/drxercavins\/#organization\"},\"potentialAction\":[{\"@type\":\"SearchAction\",\"target\":{\"@type\":\"EntryPoint\",\"urlTemplate\":\"http:\/\/95.217.188.178\/drxercavins\/?s={search_term_string}\"},\"query-input\":{\"@type\":\"PropertyValueSpecification\",\"valueRequired\":true,\"valueName\":\"search_term_string\"}}],\"inLanguage\":\"es\"},{\"@type\":\"Organization\",\"@id\":\"http:\/\/95.217.188.178\/drxercavins\/#organization\",\"name\":\"Consulta Dr. Xercavins\",\"url\":\"http:\/\/95.217.188.178\/drxercavins\/\",\"logo\":{\"@type\":\"ImageObject\",\"inLanguage\":\"es\",\"@id\":\"http:\/\/95.217.188.178\/drxercavins\/#\/schema\/logo\/image\/\",\"url\":\"http:\/\/95.217.188.178\/drxercavins\/wp-content\/uploads\/2025\/10\/ogo-actua-1.png\",\"contentUrl\":\"http:\/\/95.217.188.178\/drxercavins\/wp-content\/uploads\/2025\/10\/ogo-actua-1.png\",\"width\":500,\"height\":95,\"caption\":\"Consulta Dr. Xercavins\"},\"image\":{\"@id\":\"http:\/\/95.217.188.178\/drxercavins\/#\/schema\/logo\/image\/\"}}]}<\/script>\n<!-- \/ Yoast SEO plugin. -->","yoast_head_json":{"title":"Dr. Mattia Buonomo - Consulta Dr. Xercavins","robots":{"index":"noindex","follow":"follow","max-snippet":"max-snippet:-1","max-image-preview":"max-image-preview:large","max-video-preview":"max-video-preview:-1"},"og_locale":"es_ES","og_type":"article","og_title":"Dr. Mattia Buonomo - Consulta Dr. Xercavins","og_description":"Dr. Mattia Buonomo M\u00e9dico de familia y experto en medicina est\u00e9tica y regenerativa El Dr. Mattia Buonomo es un m\u00e9dico italiano graduado en la Universidad Federico II de N\u00e1poles, cuenta con m\u00e1s de 10 a\u00f1os de experiencia en Barcelona, donde se ha especializado en Medicina Familiar y Comunitaria. Su formaci\u00f3n se ha complementado con un [&hellip;]","og_url":"http:\/\/95.217.188.178\/drxercavins\/centro-de-salud\/equipo\/dr-mattia-buonomo\/","og_site_name":"Consulta Dr. Xercavins","article_modified_time":"2025-11-10T14:17:20+00:00","og_image":[{"width":554,"height":600,"url":"http:\/\/95.217.188.178\/drxercavins\/wp-content\/uploads\/2025\/10\/Dr-Mattia-Buonomo.jpg","type":"image\/jpeg"}],"twitter_card":"summary_large_image","twitter_misc":{"Tiempo de lectura":"2 minutos"},"schema":{"@context":"https:\/\/schema.org","@graph":[{"@type":"WebPage","@id":"http:\/\/95.217.188.178\/drxercavins\/centro-de-salud\/equipo\/dr-mattia-buonomo\/","url":"http:\/\/95.217.188.178\/drxercavins\/centro-de-salud\/equipo\/dr-mattia-buonomo\/","name":"Dr. Mattia Buonomo - Consulta Dr. Xercavins","isPartOf":{"@id":"http:\/\/95.217.188.178\/drxercavins\/#website"},"primaryImageOfPage":{"@id":"http:\/\/95.217.188.178\/drxercavins\/centro-de-salud\/equipo\/dr-mattia-buonomo\/#primaryimage"},"image":{"@id":"http:\/\/95.217.188.178\/drxercavins\/centro-de-salud\/equipo\/dr-mattia-buonomo\/#primaryimage"},"thumbnailUrl":"http:\/\/95.217.188.178\/drxercavins\/wp-content\/uploads\/2025\/10\/Dr-Mattia-Buonomo.jpg","datePublished":"2025-10-13T07:48:44+00:00","dateModified":"2025-11-10T14:17:20+00:00","breadcrumb":{"@id":"http:\/\/95.217.188.178\/drxercavins\/centro-de-salud\/equipo\/dr-mattia-buonomo\/#breadcrumb"},"inLanguage":"es","potentialAction":[{"@type":"ReadAction","target":["http:\/\/95.217.188.178\/drxercavins\/centro-de-salud\/equipo\/dr-mattia-buonomo\/"]}]},{"@type":"ImageObject","inLanguage":"es","@id":"http:\/\/95.217.188.178\/drxercavins\/centro-de-salud\/equipo\/dr-mattia-buonomo\/#primaryimage","url":"http:\/\/95.217.188.178\/drxercavins\/wp-content\/uploads\/2025\/10\/Dr-Mattia-Buonomo.jpg","contentUrl":"http:\/\/95.217.188.178\/drxercavins\/wp-content\/uploads\/2025\/10\/Dr-Mattia-Buonomo.jpg","width":554,"height":600},{"@type":"BreadcrumbList","@id":"http:\/\/95.217.188.178\/drxercavins\/centro-de-salud\/equipo\/dr-mattia-buonomo\/#breadcrumb","itemListElement":[{"@type":"ListItem","position":1,"name":"Portada","item":"http:\/\/95.217.188.178\/drxercavins\/"},{"@type":"ListItem","position":2,"name":"Centro de Salud","item":"http:\/\/95.217.188.178\/drxercavins\/centro-de-salud\/"},{"@type":"ListItem","position":3,"name":"Equipo","item":"http:\/\/95.217.188.178\/drxercavins\/centro-de-salud\/equipo\/"},{"@type":"ListItem","position":4,"name":"Dr. Mattia Buonomo"}]},{"@type":"WebSite","@id":"http:\/\/95.217.188.178\/drxercavins\/#website","url":"http:\/\/95.217.188.178\/drxercavins\/","name":"Consulta Dr. Xercavins","description":"Consulta M\u00e9dica en Barcelona","publisher":{"@id":"http:\/\/95.217.188.178\/drxercavins\/#organization"},"potentialAction":[{"@type":"SearchAction","target":{"@type":"EntryPoint","urlTemplate":"http:\/\/95.217.188.178\/drxercavins\/?s={search_term_string}"},"query-input":{"@type":"PropertyValueSpecification","valueRequired":true,"valueName":"search_term_string"}}],"inLanguage":"es"},{"@type":"Organization","@id":"http:\/\/95.217.188.178\/drxercavins\/#organization","name":"Consulta Dr. Xercavins","url":"http:\/\/95.217.188.178\/drxercavins\/","logo":{"@type":"ImageObject","inLanguage":"es","@id":"http:\/\/95.217.188.178\/drxercavins\/#\/schema\/logo\/image\/","url":"http:\/\/95.217.188.178\/drxercavins\/wp-content\/uploads\/2025\/10\/ogo-actua-1.png","contentUrl":"http:\/\/95.217.188.178\/drxercavins\/wp-content\/uploads\/2025\/10\/ogo-actua-1.png","width":500,"height":95,"caption":"Consulta Dr. Xercavins"},"image":{"@id":"http:\/\/95.217.188.178\/drxercavins\/#\/schema\/logo\/image\/"}}]}},"_links":{"self":[{"href":"http:\/\/95.217.188.178\/drxercavins\/wp-json\/wp\/v2\/pages\/1426","targetHints":{"allow":["GET"]}}],"collection":[{"href":"http:\/\/95.217.188.178\/drxercavins\/wp-json\/wp\/v2\/pages"}],"about":[{"href":"http:\/\/95.217.188.178\/drxercavins\/wp-json\/wp\/v2\/types\/page"}],"author":[{"embeddable":true,"href":"http:\/\/95.217.188.178\/drxercavins\/wp-json\/wp\/v2\/users\/1"}],"replies":[{"embeddable":true,"href":"http:\/\/95.217.188.178\/drxercavins\/wp-json\/wp\/v2\/comments?post=1426"}],"version-history":[{"count":46,"href":"http:\/\/95.217.188.178\/drxercavins\/wp-json\/wp\/v2\/pages\/1426\/revisions"}],"predecessor-version":[{"id":4357,"href":"http:\/\/95.217.188.178\/drxercavins\/wp-json\/wp\/v2\/pages\/1426\/revisions\/4357"}],"up":[{"embeddable":true,"href":"http:\/\/95.217.188.178\/drxercavins\/wp-json\/wp\/v2\/pages\/13"}],"wp:attachment":[{"href":"http:\/\/95.217.188.178\/drxercavins\/wp-json\/wp\/v2\/media?parent=1426"}],"curies":[{"name":"wp","href":"https:\/\/api.w.org\/{rel}","templated":true}]}}